= -p - 5, -g + 3*p = -0*g - 17. Suppose d = -3, 2*a + 5*d + 3 + g = 0. Suppose 0 = a*u - 40 - 130. Is u prime?
False
Let m(f) be the first derivative of -3*f**4/2 - f**3 - f**2 - 3*f - 16. Suppose -3*d = -4*d - 2. Is m(d) prime?
True
Suppose 5*l + 11 + 169 = 0. Is -4 + 3 + 0 - l prime?
False
Let l = -359 + 514. Is l a prime number?
False
Let l be ((-2)/(-2) - 0)*1. Let i = -7 + l. Is 2 + i/3 + 31 composite?
False
Suppose 0 = 5*x - 29 + 4. Let b(h) = h**3 - 2*h**2 - 2*h + 1. Let u be b(3). Suppose -u*g = -x*g + 163. Is g prime?
True
Suppose 0 = -5*v + 20, -r + 336 = -3*v - 137. Is r a prime number?
False
Let m = 3 + 2. Let t be 2/(-5) - 8/m. Is t/6 + (-448)/(-12) composite?
False
Let i = -486 + 973. Let v = 1020 - i. Is v composite?
True
Let b(q) = 36*q**2 + 14*q - 5. Is b(-9) composite?
True
Suppose 4*p + 3 = -5*m, -p - m - 3 = m. Is (1 - p)/((-2)/79) a composite number?
False
Suppose -4*w + 4 = -b, 3*b + 2*b - 3*w - 14 = 0. Suppose 35 = -b*u + 239. Is u a prime number?
False
Let s = -5 - -5. Suppose -3*i + 15 + 0 = s. Suppose -10 = i*n, 2*l = n - 2*n + 64. Is l a prime number?
False
Let l(n) = n**2 - 4*n - 2. Let x be l(4). Let h = 31 - x. Is h composite?
True
Let i(v) = -v**3 + 4*v**2 - 3*v + 1. Let y be i(3). Let o(a) = 63*a**2 + 2*a - 1. Let s be o(1). Suppose 5*t - 19 - y = 0, 3*t + s = 2*x. Is x prime?
False
Is -15*(2 + (-24)/10) a composite number?
True
Let t(f) = 13*f**2 + 12*f - 6. Let a(s) = 27*s**2 + 25*s - 12. Let d(q) = -4*a(q) + 9*t(q). Is d(5) a composite number?
True
Suppose k + 3 - 1 = 0. Is ((-2)/(-2))/(k/(-298)) a prime number?
True
Let j(v) = 7*v**2 + 2*v - 1. Let d = 0 - -1. Let f be j(d). Is (14/f)/((-3)/(-132)) a prime number?
False
Suppose 89 = 3*y - 13. Let r = 99 - y. Let j = r - 10. Is j composite?
True
Suppose -b - 9 = -2. Is 13/((1/b)/(-1)) a prime number?
False
Let a(j) = -j**2 - 12*j - 4. Let b = -22 - -11. Let y be a(b). Let q(d) = -d**3 + 7*d**2 + 2*d + 9. Is q(y) composite?
False
Suppose 0 = -2*c + 4*c + 6. Let d be -4 - (-2 - c)*0. Let r = 43 - d. Is r a composite number?
False
Let z(w) = -254*w - 3. Is z(-2) prime?
False
Let d be (-2 - 0) + -11 + 143. Let a = 81 + d. Is a prime?
True
Suppose 4*r - 176 = 4*c, c - 4*r - 160 = 4*c. Let v = c - -85. Is v a prime number?
True
Let b(q) be the second derivative of -11*q**3/6 - 5*q**2/2 - 3*q. Is b(-4) a prime number?
False
Suppose -2*s + 10 - 30 = 0. Let j be (-427)/14 - 1/2. Let r = s - j. Is r prime?
False
Let q(y) = -4 + 2*y**2 + 4*y**2 + 5. Let l be q(3). Suppose -5*k + 280 = -l. Is k a composite number?
False
Suppose 140 + 109 = n. Is n a composite number?
True
Let u(q) = q**2 - 18*q - 26. Is u(-11) a prime number?
True
Let j(r) be the third derivative of r**7/720 - r**6/720 + r**5/60 - r**2. Let y(f) be the third derivative of j(f). Is y(2) a prime number?
True
Suppose 0*h - v = h - 631, -2*h = -3*v - 1262. Is h a composite number?
False
Is (178/(-4))/((-6)/60) composite?
True
Suppose 6*f + 610 = 3304. Is f a prime number?
True
Suppose 0 = 3*n + u - 9022 + 466, -8562 = -3*n - 3*u. Is n prime?
True
Suppose -4*z - 8 = 3*s + s, 0 = -5*z - s + 10. Suppose -z*c = c - 116. Let r = c - -2. Is r a prime number?
True
Let b(l) = l. Let i be b(3). Suppose 6*t - i*t = 504. Let p = t - 5. Is p composite?
False
Suppose 2*t - 3*s = 1808, 4*t = -4*s + 2243 + 1353. Is t prime?
False
Let a(y) = -24*y - 1. Let k(r) = r**3 - 3*r**2 - 2*r + 2. Let q be k(3). Let m be (-6)/q*(-6)/9. Is a(m) a composite number?
False
Suppose -5*v + 2 = -4*a, 0*a - 4*a = v - 10. Suppose -5*c - 8 + 163 = 0. Suppose -9 = a*r - c. Is r prime?
True
Let d = 545 + -360. Is d a prime number?
False
Let h(x) = 3*x**2 + 5*x - 1. Suppose -q = 4*q + 40. Let d be h(q). Suppose -4*f - 5*p + 539 - d = 0, 4*p - 291 = -3*f. Is f prime?
True
Suppose 5*z - 78 = 112. Is z*1/(-2)*-1 composite?
False
Let k = -633 - -2828. Is k a composite number?
True
Let k = -335 - -788. Is k prime?
False
Let z = 0 + 9. Let n = 75 - z. Let d = -1 + n. Is d prime?
False
Suppose 2*d - 9 = -3. Suppose -3*w = 4*g - 3*g - 1, d*g = 4*w + 29. Is g a prime number?
True
Is 698 + ((-32)/20)/((-6)/(-15)) composite?
True
Suppose -2*j - 131 + 437 = 4*x, 2*x + 5*j = 149. Is x a prime number?
False
Let v(a) = 110*a + 1. Is v(3) a prime number?
True
Let p = 172 - -447. Is p prime?
True
Suppose d - 3 - 9 = 0. Suppose -d = 4*v, q + 1283 = 3*q + 5*v. Is q prime?
False
Suppose 2*x + 541 = x. Let j = x - -958. Is j prime?
False
Let i(l) be the third derivative of 7*l**6/360 - 3*l**5/40 + l**4/6 - l**2. Let v(x) be the second derivative of i(x). Is v(7) a composite number?
False
Suppose 3*i - 3950 = 5*b, -4*i - 2005 = -b - 7266. Is i prime?
False
Suppose 11*p - 2498 = -177. Is p a prime number?
True
Suppose -f - 2*g = -147, 4*f - 5*g - 670 + 95 = 0. Let n = f + -27. Is n composite?
True
Suppose -q + 2 = -2. Suppose -q*d + 0*d = -84. Is d a composite number?
True
Is ((-48)/(-27) - 2) + (-9911)/(-9) composite?
True
Suppose 3*j + 33 - 270 = 0. Let y(a) = a**2 - 5*a - 8. Let g be y(9). Let r = j - g. Is r prime?
False
Let u be 12*(-2 + 5/2). Let v(o) = o**3 + o - 1. Let h(q) = -q**3 - 5*q**2 - 7*q + 6. Let r(y) = h(y) + 2*v(y). Is r(u) composite?
True
Suppose 0 = 9*q - 3767 - 1030. Is q a composite number?
True
Is ((-10530)/(-14))/3 - (-20)/70 prime?
True
Let v(s) = 16*s**2 - s. Let g be v(1). Suppose 4*o - g = r, -o - 8 = 4*r - 4*o. Is r - (0 + -2 - 34) a prime number?
True
Let p = 5 + -9. Let f(t) = t**3 + 7*t**2 + 2*t + 4. Let i(s) = -s**3 - 7*s**2 - 2*s - 4. Let b(n) = p*i(n) - 5*f(n). Is b(-7) a composite number?
True
Let q(t) = -54*t - 5. Let x be (2 - 0 - 1)*-7. Let k be q(x). Suppose k = 2*f + 3*a, 970 = 5*f + a - 6*a. Is f a composite number?
False
Suppose 2*t - 887 = 707. Is t a composite number?
False
Suppose -476 + 95 = -3*j. Is j a prime number?
True
Let d(k) = 4*k**3 + k**2 - 3*k + 1. Let m be d(3). Suppose 0 = -3*j + 4*j - m. Is j prime?
True
Suppose -5*x + 55 = 4*p - 0*p, 0 = 2*p. Let g(m) = -m + 15. Let c be g(x). Suppose -2*k + k - 332 = -4*z, 4*z = c*k + 332. Is z composite?
False
Suppose 3*f + 532 = -3*q - f, 3*f = 15. Let v = q - -343. Is v a prime number?
False
Is 1/2*30142/1 composite?
True
Let g(r) = r**2 - 8*r - 6. Let j = 32 + -23. Is g(j) prime?
True
Suppose a = 2*j - 173, -5*j - 2*a + 425 = 3*a. Let g = 11 - 64. Let w = j + g. Is w a composite number?
True
Let j(k) = -k**2 + 6*k - 5. Let g be j(5). Let a = 82 + g. Let d = a + -29. Is d composite?
False
Let o(a) = a**2 - a + 2. Let g = -1 - -2. Let f(w) = w**2 - 2*w + 1. Let z be f(g). Is o(z) composite?
False
Let y(t) = t**2 + 5*t + 5. Let h be y(-5). Suppose -452 = -h*l + u, 0 = -3*l - 0*l - 5*u + 288. Is l prime?
False
Let y(z) = 4*z**3 - 24*z**2 - 21*z - 8. Let b(s) = -2*s**3 + 12*s**2 + 11*s + 4. Let q(i) = 5*b(i) + 3*y(i). Is q(7) composite?
True
Let f(u) = -u**3 + u**2 + 5*u - 1. Let c be f(-5). Suppose -2*v = -2*g - 18 + c, 3*g - v - 165 = 0. Suppose g + 14 = 5*p. Is p a prime number?
False
Let i = -1114 + 2327. Is i prime?
True
Let n = -407 + 274. Let h = 186 + n. Is h composite?
False
Suppose -2*x + 61 = 15. Let j = x - 16. Let b = j - 3. Is b a prime number?
False
Let b be ((-7)/4)/(4/(-112)). Let c = -87 - -274. Suppose -b + c = 3*s. Is s composite?
True
Let i(l) = 2*l**3 - 2*l**2 - 3*l + 1. Is i(4) prime?
False
Is 8/10 + 10722/10 composite?
True
Let s = -8 + 6. Let c be (-1 - -19) + s + 0. Is (2 - 1)*(c - 6) a prime number?
False
Suppose -3*z + 5743 = -5*a + 3*a, 0 = 4*z + a - 7650. Is z prime?
True
Suppose 8965 = 9*v - 4*v. Is v a prime number?
False
Suppose -7 = -3*t - 1. Suppose 753 + 329 = t*z. Is z a prime number?
True
Let w be 3/(-12) + (-59)/4. Let z = w + 4. Is 1 - (z + (2 - 0)) a composite number?
True
Let w(d) = -126*d - 1. Let a be 4 - (-2 + 5/1). Let k be w(a). Let z = k - -180. Is z prime?
True
Let g = -1094 - -2668. Is g composite?
True
Is 112*(-21)/(-6) - 3 a composite number?
False
Let h(m) = -m**2 - 4*m + 8. Let x be h(-6). Is (-218)/2*(x - -3) prime?
True
Suppose -2*w = -11*w + 3429. Is w a prime number?
False
Suppose 2*n - 2*o = 130, -o + 3*o = -5*n + 325. Let x = -44 + n. Is x composite?
True
Let s = -308 - -541. Is s composite?
False
Let h = 9 - 6. Suppose -2*w + f = h*f - 10, 4*f - 5 = -w. Suppose -6*o + w*i = -2*o - 104, 0 = -4*o + 3*i + 104. Is